 of n and 1.
1
Suppose 33*z - 199 = 526 + 166. Calculate the greatest common factor of 2283 and z.
3
Let f be (-1596)/588*(-8 - -1). Calculate the greatest common factor of 5130 and f.
19
Let p be ((-12864)/(-84))/(11/77). What is the highest common divisor of p and 32?
16
Let h = -43334 - -53228. What is the greatest common factor of h and 388?
194
Suppose 23*c + 3*g = 25*c + 23, -4 = -4*c - 4*g. Let z(d) = -4*d**3 - d**2 - 4. Let b be z(c). Calculate the greatest common factor of b and 295.
59
Let w be 1*(-187 + -18)/(-1). What is the greatest common factor of w and 55?
5
Let w(i) = 49 - 18 + 3*i + 55 - i**2 + 26. Let l be w(0). Let n = 31 + -3. Calculate the highest common factor of l and n.
28
Let c(x) = x**2 + 9*x + 5. Let m be c(-10). Let g be (49/(-4))/(m/(-120)). Suppose 0 = -6*s - g + 326. Calculate the greatest common factor of 57 and s.
19
Suppose 0*b - 26 = -2*b - 4*n, 5*b - 5 = 5*n. Let u be 22/(2*b/265). What is the highest common factor of u and 33?
11
Let m be 3 + (-64)/20 + ((-15568)/(-40) - 1). Calculate the greatest common divisor of 64 and m.
4
Let i = -207 - -206. Let d be (270/(-1))/(i/2 + -1). What is the highest common divisor of 108 and d?
36
Let c(m) = -400*m**3 - 2*m**2 + 179*m + 562. Let s be c(-3). What is the highest common divisor of 101 and s?
101
Suppose -4*h = 20, 0 = -i + 4*h + 30 + 20. Suppose -5*s = 0, -4*p + 2*s + 378 = 3*p. What is the greatest common factor of i and p?
6
Let u = 108 + -40. Let h = 5646 + -5634. What is the greatest common factor of u and h?
4
Let o(x) = -314*x + 11493. Let r be o(35). Calculate the greatest common divisor of r and 6.
1
Let x(o) = -o**3 + o + 23. Let w be x(0). Let t be (2 + (-17)/(-2) + 1)*66. Let f be t*1/(4/(8/6)). What is the greatest common divisor of f and w?
23
Let p(u) = 11*u**2 - 5*u**2 - 29 - u**2 - 2*u**2 + 3*u. Let q be p(-6). Suppose -q = -h + 35. Calculate the greatest common factor of h and 6.
6
Let a = -40 + 42. Suppose a*r = -2*x + 22, r + 0*r - 4*x = -14. Let p(h) = h**2 - 3*h - 14. Let b be p(r). Calculate the greatest common divisor of 2 and b.
2
Suppose 0 = -l - p + 470, -4*p + 893 = 3*l - 512. Calculate the greatest common factor of l and 380.
95
Let u = -218 - -330. Let t(c) = -c**3 - 72*c**2 - 330*c + 351. Let k be t(-67). What is the highest common factor of k and u?
16
Suppose -3*v = 4*p - 1621, -2*v = 10 - 8. Suppose -4*z + 2*f = -664 - p, -4*z + 5*f = -1055. What is the highest common divisor of z and 72?
18
Let i = -3892 - -4108. What is the highest common factor of i and 672?
24
Suppose 1581 - 98 = 126*r - 1793. Let b = 3 - -3. Calculate the highest common divisor of r and b.
2
Suppose -2*l - 60 = 4*a, 0*l - 2*a = 2*l + 58. Let v = -28 - l. Suppose -5*c + 14*c - 144 = v. Calculate the greatest common factor of c and 128.
16
Let h = 2064 + -1875. What is the greatest common factor of 135 and h?
27
Suppose -109 = -10*c - 329. Let t(h) = h**3 + 21*h**2 - 22*h + 86. Let g be t(c). What is the greatest common divisor of g and 129?
43
Suppose -4*g - 12 = -5*g. Let z = g + -27. Let y be (1 - -39)/(z/5 + 4). What is the greatest common factor of 100 and y?
20
Suppose -1978 = -174*r + 131*r. Suppose 0 = -14*q + 11*q + 414. What is the greatest common divisor of r and q?
46
Let n(l) = -232*l + 119. Let s be n(2). Let v = 412 + s. What is the greatest common divisor of 67 and v?
67
Let j = -83 - -91. Let x(z) = 4*z + 22. Let i be x(j). Calculate the greatest common divisor of i and 135.
27
Let w(m) = 2*m**2 + 371*m + 1821. Let v be w(-5). Calculate the greatest common divisor of v and 43936.
16
Suppose 32 = 4*j, -2*j = -2*s + 40973 + 2763. What is the highest common factor of s and 24?
12
Let y(c) = 5*c - 21. Let t be y(7). Let w(d) = d**2 - 13*d - 2. Let o be w(t). What is the greatest common divisor of 444 and o?
12
Let d(k) = -k**2 + 16*k - 12. Suppose -4*s + 5*s = -24. Let o be 2/8 - 90/s - -2. Let j be d(o). What is the highest common factor of 24 and j?
24
Let s be 1729 - (3 - (-5 + 1 + 7)). What is the highest common divisor of 532 and s?
133
Suppose 60 = -326*k + 331*k. Calculate the highest common factor of k and 330.
6
Let x(u) = -72*u + 451. Let p be x(5). Calculate the greatest common divisor of p and 1339.
13
Let h(v) = -v**2 + 8*v + 67. Let n be h(11). Suppose -5*g + 4*l = -440, -3*g - 30*l + n*l + 272 = 0. Calculate the greatest common divisor of 56 and g.
28
Let b(d) = 3*d**2 + 5*d + 516. Let x be b(-14). What is the highest common divisor of x and 1598?
94
Let x = -260 - -254. Let q(i) = -13*i**2 - 82*i - 15. Let f be q(x). Calculate the highest common divisor of 963 and f.
9
Suppose 0 = -7*z + 16*z - 27. Suppose -375 = h - 3*h - z*w, -4*h + 753 = 3*w. Calculate the greatest common divisor of h and 7.
7
Let w be -5 - (-1680 + (-8)/((-16)/(-10))). What is the greatest common factor of w and 7?
7
Suppose 49 - 51 = -h. Let c be h*(-3 - 189/(-14)). What is the greatest common factor of 42 and c?
21
Suppose -4*i - 5*r = -44, -3*i + 2*r + 4 = -6. Suppose -3*x = l - 51, 4*l + 7*x = 7 + 222. What is the greatest common factor of i and l?
6
Suppose 0 = -34*s + 7437 - 4037. Calculate the highest common divisor of s and 3420.
20
Suppose -3*u - 2*d + 130 = 0, -3*u + 2*d + 2 = -144. What is the highest common divisor of 368 and u?
46
Suppose -64*b - 340 = -84*b. Calculate the highest common factor of b and 4573.
17
Suppose 93*h - 80*h - 3640 = 0. What is the highest common factor of 3240 and h?
40
Suppose 38*r + 42*r - 959 - 641 = 0. What is the greatest common divisor of 1165 and r?
5
Let h(k) = -32*k - 1145. Let a be h(-36). Calculate the highest common factor of a and 37.
1
Let i(w) = -w**3 - w**2 + 6*w + 1. Let g be i(-3). Suppose 12*p - 396 = -12. Let k = p + g. What is the highest common divisor of k and 231?
33
Suppose f - 2*q - 28 = 0, 4*q = 3*f - 0*q - 92. Suppose 34*i - 2*p = 29*i + 1039, 2*p = -4. What is the greatest common factor of i and f?
9
Suppose -124 + 34 = -5*s. Let y(g) = -g**3 + 7*g**2 - 4*g - 7. Let f be y(6). Let k be (-1320)/f*21/(-28). Calculate the greatest common divisor of s and k.
18
Suppose 2*g - 7*g + 13 = -2*c, -5*g - 15 = 5*c. Let b be 0/g - 7/((-35)/495). Let h = 228 + -195. Calculate the greatest common divisor of h and b.
33
Let t be 399/(-57)*(-2 + -413). What is the highest common divisor of t and 35?
35
Suppose 2*d = 3*b + 20 - 19, 3*d = 5*b + 2. Let j be ((-8 - 1) + 11)/(b/(-742)). Calculate the greatest common divisor of 28 and j.
28
Suppose 12101 - 108701 = -30*g. Calculate the highest common factor of 92 and g.
92
Let k(p) = 4*p**2 - 9*p - 15. Let u be k(5). Suppose -27*q = -23*q - 1440. Calculate the greatest common divisor of q and u.
40
Let l be -1 - (-20)/(-8)*((-1 - 0) + -1). Calculate the greatest common divisor of 10084 and l.
4
Suppose 0 = 6*g + 4*g + 11218 - 42918. Calculate the highest common factor of 30 and g.
10
Suppose 0 = w, -4*n + 4*w - 2898 + 3223 = -15471. Calculate the highest common divisor of n and 11.
11
Suppose 0 = 3*l - 2*c - 1, 3*l + l + 4*c + 32 = 0. Let w(t) = -9*t**2 - 5*t - 6. Let a be w(l). Let o = -69 - a. Calculate the highest common factor of o and 4.
1
Suppose 0*j + 547 = j - t, 0 = -4*j + 3*t + 2187. Let f = 799 - j. Let o be 117/5 - 4/10. Calculate the highest common factor of o and f.
23
Let z be (-3914)/(-42) + -18 + 24/(-126). Let j be 1 - (-2)/(-2)*-199. Calculate the highest common divisor of j and z.
25
Suppose 197 = 79*f + 118. What is the highest common divisor of 67 and f?
1
Suppose 45*g - 43*g - 1404 = 0. Calculate the greatest common factor of g and 162.
54
Suppose 4*p + 11410 = 4*n - 5318, 0 = -4*n + 5*p + 16733. Suppose 2*h = -u + 6*u + 2093, 4*h - n = u. Calculate the highest common factor of 36 and h.
36
Let z = 1397 - 555. Suppose 0 = 7*w - 3064 - z. Calculate the greatest common factor of 62 and w.
62
Let y be 318/27 - 42/(-189). Let o be -1 - (-1)/(-1) - -3. Let l(i) = 2*i + 1. Let r be l(o). Calculate the greatest common divisor of r and y.
3
Let h = 17058 + -16941. Calculate the greatest common divisor of h and 364.
13
Suppose 0*r - 2477 = -3*r + 2*a, 2*r - a - 1652 = 0. Let f be r + 7/((-14)/4). Suppose 14*p = 19*p - f. Calculate the greatest common factor of p and 15.
15
Let q be 15/((-1)/(-8)*3). Suppose -4*w - 5*t - 3 = -2*w, 12 = -4*t. Let o